42
In base 10, what is -38733 - -4?
-38729
In base 10, what is 29077 - -2?
29079
In base 16, what is 1f2 + 104?
2f6
In base 3, what is -1212100111200 - -10?
-1212100111120
In base 4, what is 2100122 - 2100?
2032022
In base 14, what is -3 + 292168?
292165
In base 10, what is -594 - -23?
-571
In base 2, what is 100100000001001 + -10100?
100011111110101
In base 8, what is 7 - -174555?
174564
In base 5, what is 1020034 - 0?
1020034
In base 16, what is -1e2 - -9?
-1d9
In base 11, what is -31 + -1278?
-12a9
In base 2, what is 1101110 - -111110?
10101100
In base 13, what is -6a - 92?
-12c
In base 3, what is 1220122 + -10012?
1210110
In base 14, what is -231 - -255?
24
In base 4, what is -313 + 11010?
10031
In base 13, what is 3 + -51b?
-518
In base 9, what is -16404 + 5?
-16388
In base 6, what is 0 - 10345?
-10345
In base 2, what is -110101100110011001001 + 100?
-110101100110011000101
In base 8, what is -11 - -4672?
4661
In base 2, what is 1 + 1000000010000111?
1000000010001000
In base 16, what is 0 - -f6fb8?
f6fb8
In base 6, what is 450035 - 5?
450030
In base 11, what is 21 - -1105?
1126
In base 4, what is 23020121 - -3?
23020130
In base 11, what is -17a078 - -4?
-17a074
In base 15, what is 2 - 34134?
-34132
In base 7, what is -5550131 - 5?
-5550136
In base 10, what is -51429 + 21?
-51408
In base 5, what is 3431324 - -240?
3432114
In base 11, what is -12 + -845a?
-8471
In base 14, what is -1050c - 1?
-1050d
In base 2, what is 111011 - 1101010101100?
-1101001110001
In base 3, what is 20212110 - 1002?
20211101
In base 11, what is -21686 - 3?
-21689
In base 12, what is 99 + 442?
51b
In base 5, what is -12124222 + 0?
-12124222
In base 4, what is 11 - -1311011?
1311022
In base 14, what is 1b7 + 215?
3cc
In base 8, what is 7 - 6203?
-6174
In base 12, what is 5 - -7b19?
7b22
In base 12, what is -3247 - -41?
-3206
In base 11, what is -489 + 21?
-468
In base 15, what is 10da01 + -4?
10d9ec
In base 15, what is c88 - -c4?
d5c
In base 11, what is -a25 + -9?
-a33
In base 12, what is -1 - -137b4?
137b3
In base 9, what is 74351 - 2?
74348
In base 4, what is 230002130 + -10?
230002120
In base 11, what is -77704 + -3?
-77707
In base 8, what is -120422 + 3?
-120417
In base 8, what is -2011645 + 3?
-2011642
In base 9, what is -6405 - -364?
-6031
In base 4, what is 23 + -11303233?
-11303210
In base 2, what is -1101001100111011111 - -100?
-1101001100111011011
In base 2, what is -1100001011010001 - 111001?
-1100001100001010
In base 4, what is -2 + -13130321120?
-13130321122
In base 12, what is 76a7 + -11?
7696
In base 7, what is -5 - -2205335?
2205330
In base 9, what is -14 + -5365?
-5380
In base 10, what is -2 - -218?
216
In base 4, what is 100030123 - -11?
100030200
In base 12, what is -810 - a2?
-8b2
In base 10, what is -12 + 516?
504
In base 2, what is -111011 + -100001001101011?
-100001010100110
In base 16, what is -1 + -47d?
-47e
In base 7, what is -3 - 2362145?
-2362151
In base 14, what is -59c3 + -12b?
-5b10
In base 11, what is 1 + 44a30?
44a31
In base 5, what is -1302 - -122?
-1130
In base 4, what is 1022212121 - 10?
1022212111
In base 16, what is 14f6 + -2?
14f4
In base 4, what is -123 + -21010010?
-21010133
In base 15, what is 1c4bb + b?
1c4c7
In base 8, what is -25362 + 3?
-25357
In base 6, what is -333 + -2120?
-2453
In base 6, what is -1 + -11020111?
-11020112
In base 6, what is -20 + -452221?
-452241
In base 14, what is 5 - 2b079?
-2b074
In base 8, what is 36 - 534503?
-534445
In base 8, what is 2006 - 1621?
165
In base 2, what is -100 - -10000111111111?
10000111111011
In base 9, what is 3 - 4020?
-4016
In base 6, what is -235152 - 403?
-235555
In base 15, what is c974 + -3?
c971
In base 5, what is -23041 + -23314?
-101410
In base 14, what is 5a - 10018?
-dd9c
In base 2, what is 10000000100111101111 + 11?
10000000100111110010
In base 5, what is 33 + 111432?
112020
In base 5, what is 22442 - -203?
23200
In base 15, what is 3 + 11447?
1144a
In base 3, what is 12102011111 + 0?
12102011111
In base 4, what is 30 - -321102?
321132
In base 4, what is -3 - 1210220?
-1210223
In base 13, what is -268 + -a4?
-33c
In base 14, what is -5 + 6d827?
6d822
In base 16, what is 0 - c083?
-c083
In base 2, what is -100 + 10000000111010?
10000000110110
In base 8, what is -6 + -34473?
-34501
In base 8, what is -1 + -4101300?
-4101301
In base 11, what is a80 + -9?
a72
In base 9, what is 108 - -186?
305
In base 9, what is -45032 + 0?
-45032
In base 6, what is 313450 + -12?
313434
In base 8, what is 45 - 413?
-346
In base 3, what is -11202102210 + 1022?
-11202101111
In base 16, what is 45fe5 - 2?
45fe3
In base 2, what is 11 + 111100110000?
111100110011
In base 11, what is -424 + -260?
-684
In base 16, what is 3 + da2?
da5
In base 6, what is 240251 + -400?
235451
In base 12, what is -4b07 + 59?
-4a6a
In base 8, what is -2 - -163016?
163014
In base 3, what is -2 - -121021201?
121021122
In base 13, what is 23 - 311?
-2bb
In base 3, what is 1021001101 - 1?
1021001100
In base 8, what is -167562 - 12?
-167574
In base 15, what is -3921 + -5?
-3926
In base 15, what is 3 + -1175bc?
-1175b9
In base 12, what is -6874 + 47?
-6829
In base 7, what is 154 + 1031?
1215
In base 4, what is 333130 + 30?
333220
In base 13, what is -5b4a7 - 0?
-5b4a7
In base 5, what is -101322 + 3233?
-43034
In base 16, what is 11ca + 8?
11d2
In base 11, what is 4 + -132296?
-132292
In base 5, what is 11200 - -220?
11420
In base 9, what is -170 - 3527?
-3707
In base 15, what is d7571 - 9?
d7567
In base 3, what is 11101 - 200021?
-111220
In base 9, what is 5 + -465841?
-465835
In base 2, what is 11101101010100100 - -10?
11101101010100110
In base 4, what is 310131 - -13?
310210
In base 8, what is -25 + -156?
-203
In base 13, what is 164090 - 1?
16408c
In base 4, what is -230 - 2022?
-2312
In base 15, what is 1e - -210?
22e
In base 16, what is -2 + 408cb?
408c9
In base 5, what is -4423 - 4?
-4432
In base 12, what is 0 - -30a3?
30a3
In base 10, what is -70720 - -2?
-70718
In base 10, what is 3890 - 380?
3510
In base 2, what is -10 - -11111110010?
11111110000
In base 16, what is -1a8 - -333?
18b
In base 14, what is -8a5 - 7?
-8ac
In base 15, what is -7 - 1be?
-1c6
In base 9, what is -7 - 42675?
-42683
In base 3, what is -102 - 22000211?
-22001020
In base 5, what is 3324 - 1333?
1441
In base 5, what is -10033420 - -3?
-10033412
In base 10, what is -8 - -1324?
1316
In base 10, what is 551389 + 3?
551392
In base 6, what is -5050 - -1131?
-3515
In base 6, what is -13 + -21000?
-21013
In base 14, what is -1065 + -9?
-1070
In base 10, what is 7 + 21521?
21528
In base 14, what is 4 + 2c920?
2c924
In base 16, what is -4d9d5 + -1?
-4d9d6
In base 16, what is 213f - 24?
211b
In base 16, what is -3 + -a39?
-a3c
In base 9, what is 28 + -17234?
-17205
In base 6, what is -31025212 - 0?
-31025212
In base 2, what is 0 - -10101101010001?
10101101010001
In base 13, what is -584 + -67c?
-c33
In base 15, what is 158e95 - -1?
158e96
In base 13, what is 3 - 6ca42?
-6ca3c
In base 10, what is 33428 - 1?
33427
In base 15, what is 4 + -bcc?
-bc8
In base 5, what is 1101130 - -323?
1102003
In base 16, what is 707 + -5e?
6a9
In base 12, what is -160 - 905?
-a65
In base 12, what is 611 - 1b8?
415
In base 5, what is 302331 + -10?
302321
In base 13, what is -77c + 25?
-757
In base 16, what is 26 + -25c?
-236
In base 13, what is -29b + -32?
-300
In base 6, what is -10002450 - 1?
-10002451
In base 9, what is -5 - 38586?
-38602
In base 3, what is -10202211012 + -1?
-10202211020
In base 11, what is -37502 + -1?
-37503
In base 9, what is 2 - 2042?
-2040
In base 4, what is 1210212103 + -2?
1210212101
In base 9, what is -103 - 25?
-128
In base 2, what is 11 + -1010000011111?
-1010000011100
In base 4, what is -23113 - -2200?
-20313
In base 15, what is 2 + -1de0?
-1ddd
In base 11, what is 91a18 - 5?
91a13
In base 12, what is a13 + -309?
706
In base 10, what is 10923 - -40?
10963
In base 12, what is 5 + 2b937?
2b940
In base 15, what is -4 - -de85b?
de857
In base 4, what is 320 - -30100?
31020
In base 6, what is -415 - 1534?
-2353
In base 10, what is -489761 - 0?
-489761
In base 2, what is -10 - 11011111000000?
-11011111000010
In base 13, what is 4 + 219a?
21a1
In base 3, what is -112 + 100110?
22221
In base 8, what is 173 + 344?
537
In base 15, what is -146b - 